{"id":282,"date":"2020-07-30T18:51:57","date_gmt":"2020-07-30T16:51:57","guid":{"rendered":"http:\/\/lapalettedejeux.fr\/?page_id=282"},"modified":"2022-05-06T11:33:09","modified_gmt":"2022-05-06T09:33:09","slug":"boutique","status":"publish","type":"page","link":"https:\/\/lapalettedejeux.fr\/index.php\/boutique\/","title":{"rendered":"Boutique"},"content":{"rendered":"\n<p>Dans notre boutique, situ\u00e9e au c\u0153ur de Versailles, nous vous proposons aussi un large choix d&rsquo;articles \u00e0 la vente.<\/p>\n\n\n\n<ul class=\"wp-block-list\"><li>Une s\u00e9lection de jeux et jouets pour ravir petits et grands.<\/li><li>Un rayon vannerie avec des paniers pour tous usages.<\/li><li>Une droguerie traditionnelle avec une vari\u00e9t\u00e9 de produits d&rsquo;entretiens.<\/li><\/ul>\n\n\n\n<p><\/p>\n\n\n\n<p>Pour plus de d\u00e9tails, des photos et une visite virtuelle de la boutique, <a href=\"http:\/\/aubouchondetain.info\">cliquez ici<\/a><a href=\"http:\/\/www.aubouchondetain.info\">.<\/a><\/p>\n","protected":false},"excerpt":{"rendered":"<p>Dans notre boutique, situ\u00e9e au c\u0153ur de Versailles, nous vous proposons aussi un large choix d&rsquo;articles \u00e0 la vente. Une&hellip;<\/p>\n","protected":false},"author":1,"featured_media":0,"parent":0,"menu_order":0,"comment_status":"closed","ping_status":"closed","template":"","meta":{"two_page_speed":[],"footnotes":""},"class_list":["post-282","page","type-page","status-publish","hentry"],"_links":{"self":[{"href":"https:\/\/lapalettedejeux.fr\/index.php\/wp-json\/wp\/v2\/pages\/282","targetHints":{"allow":["GET"]}}],"collection":[{"href":"https:\/\/lapalettedejeux.fr\/index.php\/wp-json\/wp\/v2\/pages"}],"about":[{"href":"https:\/\/lapalettedejeux.fr\/index.php\/wp-json\/wp\/v2\/types\/page"}],"author":[{"embeddable":true,"href":"https:\/\/lapalettedejeux.fr\/index.php\/wp-json\/wp\/v2\/users\/1"}],"replies":[{"embeddable":true,"href":"https:\/\/lapalettedejeux.fr\/index.php\/wp-json\/wp\/v2\/comments?post=282"}],"version-history":[{"count":4,"href":"https:\/\/lapalettedejeux.fr\/index.php\/wp-json\/wp\/v2\/pages\/282\/revisions"}],"predecessor-version":[{"id":324,"href":"https:\/\/lapalettedejeux.fr\/index.php\/wp-json\/wp\/v2\/pages\/282\/revisions\/324"}],"wp:attachment":[{"href":"https:\/\/lapalettedejeux.fr\/index.php\/wp-json\/wp\/v2\/media?parent=282"}],"curies":[{"name":"wp","href":"https:\/\/api.w.org\/{rel}","templated":true}]}}